 39?
True
Is 29 a factor of 14485?
False
Does 31 divide 2232?
True
Is 11 a factor of 7667?
True
Is 15 a factor of 1145?
False
Is 575 a multiple of 13?
False
Is 12 a factor of 33298?
False
Is 902 a multiple of 82?
True
Is 10 a multiple of 4?
False
Does 15 divide 5415?
True
Is 23 a factor of 283?
False
Is 331 a multiple of 3?
False
Does 11 divide 836?
True
Is 2697 a multiple of 87?
True
Is 5 a factor of 1680?
True
Is 7 a factor of 196?
True
Is 18792 a multiple of 58?
True
Is 2967 a multiple of 23?
True
Is 3 a factor of 931?
False
Does 43 divide 21715?
True
Is 13 a factor of 717?
False
Does 73 divide 55625?
False
Is 29462 a multiple of 106?
False
Does 5 divide 2240?
True
Is 77 a factor of 3550?
False
Is 31 a factor of 6696?
True
Is 8 a factor of 33184?
True
Is 71247 a multiple of 7?
False
Is 25 a factor of 21925?
True
Does 195 divide 63375?
True
Is 27 a factor of 6507?
True
Is 115 a factor of 15410?
True
Is 19 a factor of 332?
False
Is 6912 a multiple of 36?
True
Is 8 a factor of 188?
False
Is 7360 a multiple of 16?
True
Does 7 divide 609?
True
Is 103 a multiple of 4?
False
Is 16 a factor of 1536?
True
Is 863 a multiple of 70?
False
Is 1260 a multiple of 105?
True
Is 14 a factor of 42?
True
Is 13 a factor of 1724?
False
Does 3 divide 2452?
False
Is 3090 a multiple of 10?
True
Is 10944 a multiple of 32?
True
Is 672 a multiple of 32?
True
Is 10 a factor of 831?
False
Does 18 divide 44912?
False
Does 20 divide 9896?
False
Does 24 divide 83475?
False
Is 336 a multiple of 7?
True
Is 713 a multiple of 8?
False
Is 5 a factor of 11?
False
Is 55 a multiple of 2?
False
Is 187 a multiple of 17?
True
Is 1216 a multiple of 32?
True
Does 5 divide 62?
False
Is 32 a factor of 1824?
True
Is 1116 a multiple of 15?
False
Does 10 divide 34745?
False
Is 3974 a multiple of 7?
False
Does 6 divide 4260?
True
Is 34447 a multiple of 49?
True
Is 2241 a multiple of 9?
True
Does 35 divide 665?
True
Does 8 divide 125?
False
Does 23 divide 14823?
False
Is 11 a factor of 39292?
True
Is 3078 a multiple of 12?
False
Is 52388 a multiple of 14?
True
Is 93 a factor of 1674?
True
Does 22 divide 220?
True
Is 473 a multiple of 25?
False
Is 6511 a multiple of 48?
False
Is 707 a multiple of 23?
False
Is 50886 a multiple of 18?
True
Is 84 a factor of 51072?
True
Is 48334 a multiple of 160?
False
Is 354 a multiple of 6?
True
Is 1080 a multiple of 27?
True
Is 5874 a multiple of 9?
False
Is 4 a factor of 255?
False
Does 52 divide 226?
False
Is 10355 a multiple of 106?
False
Does 2 divide 3327?
False
Is 32 a factor of 677?
False
Is 3920 a multiple of 10?
True
Is 80472 a multiple of 21?
True
Is 12818 a multiple of 12?
False
Is 23044 a multiple of 54?
False
Is 9828 a multiple of 12?
True
Is 60 a factor of 24053?
False
Does 13 divide 2314?
True
Is 1344 a multiple of 84?
True
Is 22 a factor of 55121?
False
Is 15 a factor of 49320?
True
Is 35 a factor of 5054?
False
Does 58 divide 67878?
False
Does 46 divide 3464?
False
Does 67 divide 9060?
False
Does 103 divide 85294?
False
Is 14 a factor of 516?
False
Is 2489 a multiple of 21?
False
Does 20 divide 1163?
False
Does 41 divide 8036?
True
Is 5 a factor of 435?
True
Is 624 a multiple of 12?
True
Is 7 a factor of 636?
False
Is 10223 a multiple of 78?
False
Is 9 a factor of 30823?
False
Does 6 divide 1685?
False
Does 23 divide 322?
True
Is 2 a factor of 4877?
False
Does 96 divide 4800?
True
Is 16 a factor of 2624?
True
Is 22 a factor of 286?
True
Is 75360 a multiple of 157?
True
Does 20 divide 1630?
False
Does 111 divide 2806?
False
Is 44 a factor of 109?
False
Does 10 divide 971?
False
Is 34 a factor of 5372?
True
Is 13079 a multiple of 207?
False
Is 447 a multiple of 19?
False
Does 45 divide 1710?
True
Does 11 divide 6479?
True
Is 1632 a multiple of 48?
True
Is 3 a factor of 2598?
True
Is 4408 a multiple of 152?
True
Does 17 divide 969?
True
Does 23 divide 513?
False
Is 9 a factor of 2358?
True
Is 157 a multiple of 13?
False
Is 3 a factor of 196?
False
Is 3953 a multiple of 59?
True
Does 39 divide 6615?
False
Is 2926 a multiple of 5?
False
Is 26 a factor of 20670?
True
Is 1782 a multiple of 27?
True
Does 11 divide 18205?
True
Is 19897 a multiple of 205?
False
Is 2160 a multiple of 30?
True
Is 11 a factor of 539?
True
Is 11417 a multiple of 39?
False
Is 8 a factor of 58?
False
Is 64 a factor of 9280?
True
Is 30445 a multiple of 142?
False
Is 12 a factor of 6619?
False
Is 6 a factor of 1938?
True
Does 44 divide 93?
False
Does 65 divide 1300?
True
Does 3 divide 1167?
True
Is 8 a factor of 47?
False
Does 31 divide 6678?
False
Does 79 divide 2252?
False
Is 6 a factor of 748?
False
Is 11 a factor of 38962?
True
Is 1690 a multiple of 13?
True
Is 26 a factor of 52?
True
Does 3 divide 209?
False
Does 2 divide 48?
True
Is 13 a factor of 536?
False
Is 75421 a multiple of 28?
False
Is 30972 a multiple of 87?
True
Is 9 a factor of 2385?
True
Does 10 divide 140?
True
Is 18 a factor of 530?
False
Does 9 divide 73?
False
Does 20 divide 32220?
True
Is 10 a factor of 2810?
True
Does 22 divide 10142?
True
Is 24 a factor of 19705?
False
Is 2952 a multiple of 8?
True
Is 5324 a multiple of 85?
False
Does 16 divide 8791?
False
Is 48 a factor of 768?
True
Is 222 a factor of 6605?
False
Does 40 divide 3632?
False
Is 20 a factor of 1085?
False
Is 1440 a multiple of 21?
False
Is 1848 a multiple of 6?
True
Does 205 divide 2069?
False
Is 324 a multiple of 7?
False
Is 13 a factor of 1347?
False
Is 819 a multiple of 21?
True
Is 1745 a multiple of 5?
True
Does 11 divide 5036?
False
Is 435 a multiple of 87?
True
Is 179 a factor of 60366?
False
Does 15 divide 2070?
True
Does 9 divide 4077?
True
Does 7 divide 310?
False
Does 18 divide 1476?
True
Is 214 a factor of 28890?
True
Is 22 a factor of 36971?
False
Is 49815 a multiple of 123?
True
Does 11 divide 10933?
False
Is 40 a factor of 1282?
False
Does 53 divide 90312?
True
Is 7 a factor of 310?
False
Is 3 a factor of 112?
False
Is 114048 a multiple of 99?
True
Is 98 a factor of 620?
False
Does 129 divide 13545?
True
Is 160 a multiple of 4?
True
Is 5 a factor of 72?
False
Is 27 a factor of 2700?
True
Is 19404 a multiple of 6?
True
Is 1237 a multiple of 76?
False
Is 101699 a multiple of 29?
False
Is 4182 a multiple of 34?
True
Is 17 a factor of 34?
True
Is 11 a factor of 1186?
False
Is 210 a multiple of 7?
True
Is 179585 a multiple of 27?
False
Is 38 a factor of 2183?
False
Is 88 a factor of 2640?
True
Does 157 divide 21598?
False
Does 43 divide 1282?
False
Is 12 a factor of 994?
False
Is 8 a factor of 56448?
True
Is 12 a factor of 17924?
False
Is 9842 a multiple of 38?
True
Is 48 a factor of 1285?
False
Is 374 a multiple of 34?
True
Is 11121 a multiple of 329?
False
Does 12 divide 1140?
True
Is 28 a factor of 84?
True
Is 84 a multiple of 28?
True
Does 9 divide 3233?
False
Does 8 divide 348?
False
Does 20 divide 2507?
False
Does 19 divide 28104?
False
Is 11 a factor of 956?
False
Is 41119 a multiple of 24?
False
Is 21 a factor of 2982?
True
Is 17970 a multiple of 15?
True
Does 155 divide 6045?
True
Is 14 a factor of 10416?
True
Does 8 divide 47?
False
Does 86 divide 1892?
True
Does 218 divide 7848?
True
Is 28284 a multiple of 6?
True
Does 19 divide 53619?
False
Does 24 divide 27073?
False
Is 121 a factor of 3872?
True
Does 20 divide 2540?
True
Does 35 divide 17185?
True
Is 234 a multiple of 18?
True
Is 18 a factor of 5073?
False
Is 8 a factor of 12?
False
Is 2014 a multiple of 4?
False
Is 717 a multiple of 171?
False
Is 1347 a multiple of 81?
False
Is 1916 a multiple of 33?
False
Is 1208 a multiple of 2?
True
Is 2961 a multiple of 9?
True
Does 93 divide 8463?
True
Is 43 a factor of 4460?
False
Is 4 a factor of 368?
True
Is 600 a multiple of 15?
True
Is 139 a factor of 299?
False
Does 27 divide 2320?
False
Is 2494 a multiple of 86?
True
Does 42 divide 1846?
False
Does 3 divide 387?
True
Is 4864 a multiple of 71?
False
Is 2370 a multiple of 35?
False
Is 840 a multiple of 24?
True
Is 1281 a multiple of 67?
False
Does 13 divide 1274?
True
Does 15 divide 20698?
False
Is 1296 a multiple of 9?
True
Does 14 divide 32995?
False
Is 12 a factor of 852?
True
Is 20 a factor of 1197?
False
Is 18 a factor of 3042?
True
Does 4 divide 508?
True
Is 8165 a multiple of 48?
False
Is 2449 a multiple of 79?
True
Is 5046 a multiple of 174?
True
Does 22 div